11. Let o(k) = b + 13*k - 7 + 7 + 2*k**2. What are the prime factors of o(-8)?
5, 7
Suppose f = -5*n + 4181, 731 + 1776 = 3*n + f. List the prime factors of n.
3, 31
Let z be (-1*(-68)/(-6))/((-4)/102). Let n = 17 + z. What are the prime factors of n?
2, 3, 17
Let g = 13 + -46. Let c = 18 + g. Let t = c - -20. List the prime factors of t.
5
Suppose -2*b + 34 = k - 10, 137 = 3*k + 5*b. Let x(d) = -d**3 - 7*d**2 - 3*d + 4. Let h be x(-7). Let i = k - h. What are the prime factors of i?
29
Let n = 5 - 1. Suppose -s + 5*s + 5*p - 18 = 0, 4*p - 20 = -n*s. What are the prime factors of s?
7
Suppose -4*f + 940 + 2023 = 3*b, -5*f + 3706 = 3*b. What are the prime factors of f?
743
Suppose 4046 - 43556 = -45*k. What are the prime factors of k?
2, 439
What are the prime factors of 2/(-10)*56155/(9 - 20)?
1021
Suppose 4*u = p + 44, 4*u - 3*p - 15 - 21 = 0. Let i be ((-2)/(-4))/(u/288). Suppose i*x - 15*x + 189 = 0. What are the prime factors of x?
3, 7
Let u be 20/(-15)*51/2. Suppose -4*b - 43 - 41 = -2*r, 46 = -2*b - r. Let w = b - u. List the prime factors of w.
2, 3
Let w(i) = i**3 + 13*i**2 - i - 18. Let h be w(-13). Let j = h + -3. List the prime factors of j*(0 + -1 - 0).
2
Suppose -1807 = -4*s - 447. Let i be (8/(-10))/(8/s). Let b = i - -59. List the prime factors of b.
5
Let b(p) = -4*p**2 - p - 32400. Let h be b(0). List the prime factors of h/(-306) - 2/(-17)*1.
2, 53
Let l(s) = -s**3 + 22*s**2 - s + 26. Let x be l(22). Suppose -2*f + 7*f - 989 = x*d, 4*f - 787 = -d. List the prime factors of f.
197
Let v(y) = 1 - 2*y**2 + 246*y**3 - 270*y**3 + 2*y**2. Suppose 1 = -5*j - 4. What are the prime factors of v(j)?
5
Let w be 8 - ((-3)/(-3) + 3). Suppose w*s - 103 = 225. List the prime factors of s.
2, 41
List the prime factors of (9/2)/(-1)*(-1524 - -38).
3, 743
Let k(w) = w + 3. Let p be k(4). Let f = p - -2. List the prime factors of f.
3
Let v = 4093 - 2601. List the prime factors of v.
2, 373
Suppose 4*w + 2733 = 4*m + 3*w, -m + 5*w = -669. What are the prime factors of m?
2, 3, 19
Suppose l = 3 + 4. Let o be 6*l/(42/(-916)). What are the prime factors of (-8)/(-44) + o/(-44)?
3, 7
Suppose -17*l + 18*l + 2 = 0. List the prime factors of -113*((l - 0) + 1).
113
Let i(h) = -438*h - 83. What are the prime factors of i(-7)?
19, 157
Suppose a + 10 = 3*a. Let i be (-1 - -1)*(4 - a). Suppose -c + i*c + 32 = 0. List the prime factors of c.
2
Suppose 2 = j + 23. What are the prime factors of (-6141)/j + 1 + (-15)/35?
293
Suppose 0 = 2*f - 3 + 5. What are the prime factors of 50 - (3 + -4 + f)?
2, 13
Let p(w) = w**2 - 3*w - 4. Let z(f) = 6*f**2 - 14*f - 21. Let n(k) = -11*p(k) + 2*z(k). Let t(m) = -4*m - 43. Let y be t(-9). List the prime factors of n(y).
2
Let v(p) = -5*p**3 - p**2 - 6*p - 7. Let q(z) = 4*z**3 + z**2 + 5*z + 6. Let d(t) = -7*q(t) - 6*v(t). Suppose -8 = -2*r - 6. List the prime factors of d(r).
2
Suppose 107*t - 191180 = -3*t. What are the prime factors of t?
2, 11, 79
What are the prime factors of -2*835/(-5)*34/4?
17, 167
Let p = 14 + -10. Suppose 4*k = 4 + p. List the prime factors of k.
2
Suppose 5*g + 3*b = 3*g + 373, -3 = -3*b. Let y = 14 + g. What are the prime factors of y?
199
Suppose -7*u = 15*u - 13750. List the prime factors of u.
5
What are the prime factors of 2/(-9) + (-138280)/(-180)?
2, 3
Let r = 22 + -19. Suppose -2*s + 215 + r = 0. List the prime factors of s.
109
Let t = -1921 - -4346. What are the prime factors of t?
5, 97
List the prime factors of ((-2154)/(-8))/(12/16).
359
Let q be 15*(-1)/(3/(-2)). Let v be (-2 - (-4 + 0 - -1))*-5. Let i = q - v. What are the prime factors of i?
3, 5
Let a(w) = w**3 - 16*w**2 + 9*w - 6. Let x be a(16). Suppose x = 5*r - 367. Suppose -l = -2*t + r, -l - 254 = -6*t + t. What are the prime factors of t?
3, 17
Suppose -181*w + 113505 = -158*w. List the prime factors of w.
3, 5, 7, 47
Let d(n) be the second derivative of -7*n**3/2 - 5*n**2 - n. List the prime factors of d(-2).
2
Suppose -29 = -17*f + 22. Let h(c) be the third derivative of 11*c**4/24 + 5*c**3/3 + c**2. What are the prime factors of h(f)?
43
Suppose 0 - 35 = -7*h. List the prime factors of 53 + 0 - (6 - (h + 1)).
53
Let v(z) = -43*z + 44. What are the prime factors of v(-1)?
3, 29
Let n be (1/(-3))/(-2 + 2478/1242). Let l = n + -5. What are the prime factors of l?
2
What are the prime factors of (267/(-4))/((-3324)/(-672) - 5)?
2, 7, 89
Let s = -34 + 43. Let q be 4/18 + 128/(-9). Let c = s - q. List the prime factors of c.
23
Let i = -48 + 123. Suppose -i = -a - 19. List the prime factors of a.
2, 7
Let m be (4/6)/((-11)/((-165)/2)). Suppose 81 + 229 = 5*b + 2*x, -m*x = -b + 62. What are the prime factors of b?
2, 31
Let n(z) = -z**2 - 10*z. Let s be n(-10). Let x be (s - 16/20)*5. Let a(m) = m**2 + 2*m - 4. List the prime factors of a(x).
2
Let c(k) = -8*k - 50 - 69 + 124. Let r(n) = n**3 - 3*n**2 - 6*n + 5. Let l be r(4). What are the prime factors of c(l)?
29
List the prime factors of (-9 + 8)*-2529 + (-2 - -3).
2, 5, 11, 23
Let t(r) = 14*r + 2. Let c be t(4). Let s be 4/(-8)*c/1. Let b = -21 - s. What are the prime factors of b?
2
Let o(n) = n**2 + 18*n - 19. Let r be o(-19). Suppose -2*z + 3 + 211 = r. What are the prime factors of z?
107
Let s be 3/(-12) + 310/(-8). Let o be (-3 - -6) + -2 + s. Let f = -23 - o. List the prime factors of f.
3, 5
Suppose -r + 7 = t, 4*r - r - 1 = t. Suppose l - 52 = -2*c, -r*l = -3*c - 52 - 87. What are the prime factors of l?
2, 31
List the prime factors of 14/35 - 6204/(-15).
2, 3, 23
Let l(p) = 3*p**2 - 6*p + 2. Let t(v) = -8*v**2 + 17*v - 5. Let m(w) = 11*l(w) + 4*t(w). Let d be 1/3 - (-4 - 84/(-9)). List the prime factors of m(d).
17
Let g(i) be the second derivative of -i**4/12 - 7*i**3/3 + i**2 + 10*i. Let x be g(-14). What are the prime factors of -2 + x - (-87)/3?
29
Let j = 807 + -1896. Let r be (-15)/20 - j/12. List the prime factors of ((-2)/4)/((-5)/r).
3
Suppose -4*n = -5*q - 26, q + 1 = -1. List the prime factors of 2 - 1/(n/(-112)).
2, 3, 5
Let p(k) = k**3 + 15*k**2 + 9*k - 30. Let m be p(-13). Suppose -3*a = -3*s + 171, 4*s - a = 7*s - m. What are the prime factors of s?
2, 31
Let i(j) be the second derivative of 13*j**5/15 + j**4/8 - j**3/3 - 7*j**2/2 - 8*j. Let p(y) be the first derivative of i(y). List the prime factors of p(1).
53
Let j(s) = s**3 - 12*s**2 + 11*s + 3. Let h be j(11). Suppose 9*p - 14*p + q + 1231 = 0, h*p = 5*q + 743. What are the prime factors of p?
2, 3, 41
Let h(x) = -3*x**2 - 2*x + 8. Let f(q) = -q**2 + 2*q. Let j(s) = 2*f(s) - h(s). What are the prime factors of j(8)?
2, 13
Let n(a) = -a**3 - 8*a**2 - 7*a - 4. Let g be n(-5). Let v = g + 24. Let r = v - -25. What are the prime factors of r?
5
Let j(k) = -11*k**3 - 13*k**2 + 13*k - 4. List the prime factors of j(-4).
2, 5, 11
Let c = 1 + 2. Suppose c*j - 67 - 32 = 0. What are the prime factors of j?
3, 11
Let z(l) be the third derivative of l**7/560 + l**6/144 - l**5/15 + 13*l**2. Let m(r) be the third derivative of z(r). What are the prime factors of m(7)?
2, 17
Let o = -105 + 91. Let r = o - -74. What are the prime factors of r?
2, 3, 5
Let r(p) = 61*p**2 - 19*p + 3. List the prime factors of r(2).
11, 19
Suppose -w + 61375 = 24*w. What are the prime factors of w?
5, 491
Suppose 5*s - 25 = 0, -19*m = -18*m - s - 2732. List the prime factors of m.
7, 17, 23
Let q(w) = w**3 + 18*w**2 - 11*w - 12. Let r be q(-19). Let x = r + 379. List the prime factors of x.
5, 43
Let w(n) = n**3 - 12*n**2 + 11*n. Let j be w(10). Let v be (14/10)/((-18)/j). Suppose v*b - 571 + 116 = 0. List the prime factors of b.
5, 13
Let n be (-15)/(-12)*(0 + 4). Suppose 31 = n*f + 4*w, -5*f + 0*w - 1 = -4*w. What are the prime factors of f?
3
What are the prime factors of ((2 - 0) + -24 + 43)*71?
3, 7, 71
Let c(w) = 3985*w + 209. List the prime factors of c(1).
2, 3, 233
Let c(l) = l**3 - 15*l**2 + 32*l + 23. List the prime factors of c(15).
503
Let b be 0/(((-3)/5)/((-1)/(-5))). List the prime factors of b/3 - (-1 + -5).
2, 3
Let k(x) = -4*x**3 + 2*x**2 + 2*x + 1. Let o be k(-1). Suppose o*c + 10 = 0, c = -2*r + 3*c + 88. List the prime factors of r.
2, 3, 7
Suppose 4*t - 4*x = -716, 129 + 54 = -t - x. What are the prime factors of -1*9/(-3) + (5 - t)?
3, 7
Let u(y) = -22 + 2*y + 3*y - 3*y - y. Let p be u(18). Let 